{"id":1141,"date":"2012-02-09T20:11:10","date_gmt":"2012-02-09T18:11:10","guid":{"rendered":"http:\/\/www.donoso.es\/?page_id=1141"},"modified":"2012-12-27T10:53:35","modified_gmt":"2012-12-27T08:53:35","slug":"convenio-de-colaboracion-o-contrato-de-patrocinio","status":"publish","type":"page","link":"https:\/\/donoso.es\/?page_id=1141","title":{"rendered":"Colaboraci\u00f3n o patrocinio"},"content":{"rendered":"<div>\n<h1><span class=\"Apple-style-span\" style=\"font-size: 13px; font-weight: normal;\">Principales diferencias entre del\u00a0<strong>convenio de colaboraci\u00f3n<\/strong>\u00a0y el\u00a0<strong>contrato de patrocinio<\/strong><\/span><\/h1>\n<\/div>\n<div>\n<h4><strong>Convenio de colaboraci\u00f3n<\/strong><\/h4>\n<p>(Regulado por el art\u00edculo 25 de la Ley 49\/2002)<\/p>\n<p>\u2022 El\u00a0<strong>convenio de colaboraci\u00f3n<\/strong>\u00a0es un acuerdo por el que las entidades beneficiarias de mecenazgos (entidades no lucrativas) se comprometen por escrito a difundir, por cualquier medio, la participaci\u00f3n del colaborador (empresas) a cambio de una ayuda econ\u00f3mica, que da la empresa a la entidad no lucrativa, para la realizaci\u00f3n de actividades propias de la entidad.<\/p>\n<p>\u2022 La ayuda econ\u00f3mica de la empresa colaboradora puede efectuarse de forma econ\u00f3mica o en especie.<\/p>\n<p>\u2022 La difusi\u00f3n de la colaboraci\u00f3n \u00fanicamente podr\u00e1 ser efectuada por la entidad beneficiaria de mecenazgo (entidad no lucrativa). Es decir, la empresa no podr\u00e1 hacer difusi\u00f3n por ning\u00fan medio de la colaboraci\u00f3n realizada.<\/p>\n<h4><strong>Contrato de patrocinio<\/strong><\/h4>\n<p>(Regulado por el art\u00edculo 24 de la Ley 34\/1998, General de Publicidad)<\/p>\n<p>\u2022 El\u00a0<strong>contrato de patrocinio\u00a0<\/strong>es aquel por el que el patrocinado, a cambio de una ayuda econ\u00f3mica para la realizaci\u00f3n de su actividad, se compromete a colaborar a la publicidad del patrocinador.<\/p>\n<p>Como podemos ver, con el\u00a0<strong>convenio de colaboraci\u00f3n<\/strong>\u00a0\u00fanicamente puede realizar difusi\u00f3n de la donaci\u00f3n econ\u00f3mica o en especie la entidad no lucrativa que lo recibe. En cambio, en el\u00a0<strong>contrato de patrocinio<\/strong>, ambas partes, entidad y empresa pueden difundir el acuerdo (siendo de obligado complimiento por parte de la entidad no lucrativa ya que en el propio contrato de patrocinio se compromete a ello.)<\/p>\n<\/div>\n","protected":false},"excerpt":{"rendered":"<p>Principales diferencias entre del\u00a0convenio de colaboraci\u00f3n\u00a0y el\u00a0contrato de patrocinio Convenio de colaboraci\u00f3n (Regulado por el art\u00edculo 25 de la Ley 49\/2002) \u2022 El\u00a0convenio de colaboraci\u00f3n\u00a0es un acuerdo por el que las entidades beneficiarias de mecenazgos (entidades no lucrativas) se comprometen por escrito a difundir, por cualquier medio, la participaci\u00f3n del colaborador (empresas) a cambio de [&hellip;]<\/p>\n","protected":false},"author":1,"featured_media":0,"parent":338,"menu_order":0,"comment_status":"open","ping_status":"open","template":"","meta":{"footnotes":""},"class_list":["post-1141","page","type-page","status-publish","hentry"],"_links":{"self":[{"href":"https:\/\/donoso.es\/index.php?rest_route=\/wp\/v2\/pages\/1141","targetHints":{"allow":["GET"]}}],"collection":[{"href":"https:\/\/donoso.es\/index.php?rest_route=\/wp\/v2\/pages"}],"about":[{"href":"https:\/\/donoso.es\/index.php?rest_route=\/wp\/v2\/types\/page"}],"author":[{"embeddable":true,"href":"https:\/\/donoso.es\/index.php?rest_route=\/wp\/v2\/users\/1"}],"replies":[{"embeddable":true,"href":"https:\/\/donoso.es\/index.php?rest_route=%2Fwp%2Fv2%2Fcomments&post=1141"}],"version-history":[{"count":2,"href":"https:\/\/donoso.es\/index.php?rest_route=\/wp\/v2\/pages\/1141\/revisions"}],"predecessor-version":[{"id":1292,"href":"https:\/\/donoso.es\/index.php?rest_route=\/wp\/v2\/pages\/1141\/revisions\/1292"}],"up":[{"embeddable":true,"href":"https:\/\/donoso.es\/index.php?rest_route=\/wp\/v2\/pages\/338"}],"wp:attachment":[{"href":"https:\/\/donoso.es\/index.php?rest_route=%2Fwp%2Fv2%2Fmedia&parent=1141"}],"curies":[{"name":"wp","href":"https:\/\/api.w.org\/{rel}","templated":true}]}}