{"id":387,"date":"2010-11-11T23:59:21","date_gmt":"2010-11-11T21:59:21","guid":{"rendered":"http:\/\/www.donoso.es\/?page_id=387"},"modified":"2013-04-09T19:04:11","modified_gmt":"2013-04-09T17:04:11","slug":"estados-contables-de-las-entidades-sin-fines-lucrativos","status":"publish","type":"page","link":"https:\/\/donoso.es\/?page_id=387","title":{"rendered":"Estados Contables de las Entidades Sin Fines Lucrativos"},"content":{"rendered":"<div id=\"attachment_324\" style=\"width: 229px\" class=\"wp-caption alignleft\"><a href=\"http:\/\/www.socialia.org\/StaticFiles\/WINS003\/FICHA_BIBLIOGRAFICA\/STATIC_FILES\/estados_contables_onls.pdf\" target=\"_new\"><img loading=\"lazy\" decoding=\"async\" aria-describedby=\"caption-attachment-324\" class=\"size-medium wp-image-324\" title=\"Los Estados Contables de las Entidades Sin Fines Lucrativos\" src=\"http:\/\/donoso.es\/wp-content\/uploads\/2010\/11\/portada_contabilidad_esfl1-219x300.jpg\" alt=\"Los Estados Contables de las Entidades Sin Fines Lucrativos\" width=\"219\" height=\"300\" srcset=\"https:\/\/donoso.es\/wp-content\/uploads\/2010\/11\/portada_contabilidad_esfl1-219x300.jpg 219w, https:\/\/donoso.es\/wp-content\/uploads\/2010\/11\/portada_contabilidad_esfl1.jpg 416w\" sizes=\"auto, (max-width: 219px) 100vw, 219px\" \/><\/a><p id=\"caption-attachment-324\" class=\"wp-caption-text\">Los Estados Contables de las Entidades Sin Fines Lucrativos<\/p><\/div>\n<div class=\"mceTemp\" style=\"text-align: justify;\">La Asociaci\u00f3n Espa\u00f1ola de Contabilidad y Administraci\u00f3n (AECA) en el grupo de trabajo de Entidades Sin Fines Lucrativos acaba de publicar el documento 2 cuyo t\u00edtulo es \u201cLos Estados Contables de las Entidades Sin Fines Lucrativos\u201d.<\/div>\n<div class=\"mceTemp\" style=\"text-align: justify;\">\n<p>Dentro del documento surgieron los siguientes interrogantes:<\/p>\n<ul>\n<li>\n<div style=\"padding-left: 30px;\">\u00bfEs suficiente elaborar los mismos estados contables que presentan las entidades lucrativas?<\/div>\n<\/li>\n<li>\n<div style=\"padding-left: 30px;\">\u00bfEs necesario introducir determinados cambios de denominaci\u00f3n, estructura o criterios en los estados de las entidades lucrativas y completarlos\u00a0con informaci\u00f3n espec\u00edfica destinada a sus usuarios y en especial a los \u00f3rganos supervisores de las ESFL?<\/div>\n<\/li>\n<li>\n<div style=\"padding-left: 30px;\">\u00bfEs preciso elaborar estados contables concretos\u00a0 y distintos a los de las entidades lucrativas?<\/div>\n<\/li>\n<\/ul>\n<p style=\"text-align: justify;\">La propuesta elaborada tiene en cuenta la principal caracter\u00edstica de este tipo de entidades, la ausencia de lucro. As\u00ed se propone la eliminaci\u00f3n de la cuenta de p\u00e9rdidas y ganancias, quedando los estados contables formados por:<\/p>\n<ol>\n<li>Balance de situaci\u00f3n.<\/li>\n<li>Cuenta de variaciones patrimoniales.<\/li>\n<li>Memor\u00eda econ\u00f3mica.<\/li>\n<li>Estado de flujos de tesorer\u00eda.<\/li>\n<li>Memor\u00eda de actividades.<\/li>\n<li>Previsi\u00f3n de actividades.<\/li>\n<\/ol>\n<p style=\"text-align: justify;\">En la ESFL se produce la aplicaci\u00f3n y obtenci\u00f3n de recursos a fines. As\u00ed estas entradas y salidas quedar\u00e1n reflejadas en las variaciones patrimoniales, y su diferencia al final del ejercicio quedar\u00e1 representado en un mayor o menor patrimonio.<\/p>\n<p style=\"text-align: justify;\">Espec\u00edficamente se incluyen dos nuevos, que no est\u00e1n en el mundo lucrativo: La memor\u00eda de actividades y la previsi\u00f3n de actividades. Como tal son una herramienta para informar sobre los programas, proyectos y actividades que tienen lugar en la entidad sin fines lucrativos, que ha desarrollado o piensa desarrollar en un determinado per\u00edodo, permitiendo medir con par\u00e1metros de eficacia y eficiencia.<\/p>\n<p style=\"text-align: justify;\">Personalmente, y adem\u00e1s como miembro de este grupo que ha elaborado esta propuesta, creo que este modelo responde espec\u00edficamente a las necesidades contables de las Entidades Sin Fines Lucrativos, mientras que la adaptaci\u00f3n del modelo normal pensado para las empresas que tienen como fin la obtenci\u00f3n de beneficio no cubr\u00eda las necesidades informativas de nuestro sector.<\/p>\n<p style=\"text-align: justify;\">Pulsa en la imagen de la portada para descargar el documento.<\/p>\n<\/div>\n","protected":false},"excerpt":{"rendered":"<p>La Asociaci\u00f3n Espa\u00f1ola de Contabilidad y Administraci\u00f3n (AECA) en el grupo de trabajo de Entidades Sin Fines Lucrativos acaba de publicar el documento 2 cuyo t\u00edtulo es \u201cLos Estados Contables de las Entidades Sin Fines Lucrativos\u201d. Dentro del documento surgieron los siguientes interrogantes: \u00bfEs suficiente elaborar los mismos estados contables que presentan las entidades lucrativas? [&hellip;]<\/p>\n","protected":false},"author":1,"featured_media":0,"parent":383,"menu_order":30,"comment_status":"open","ping_status":"closed","template":"","meta":{"footnotes":""},"class_list":["post-387","page","type-page","status-publish","hentry"],"_links":{"self":[{"href":"https:\/\/donoso.es\/index.php?rest_route=\/wp\/v2\/pages\/387","targetHints":{"allow":["GET"]}}],"collection":[{"href":"https:\/\/donoso.es\/index.php?rest_route=\/wp\/v2\/pages"}],"about":[{"href":"https:\/\/donoso.es\/index.php?rest_route=\/wp\/v2\/types\/page"}],"author":[{"embeddable":true,"href":"https:\/\/donoso.es\/index.php?rest_route=\/wp\/v2\/users\/1"}],"replies":[{"embeddable":true,"href":"https:\/\/donoso.es\/index.php?rest_route=%2Fwp%2Fv2%2Fcomments&post=387"}],"version-history":[{"count":9,"href":"https:\/\/donoso.es\/index.php?rest_route=\/wp\/v2\/pages\/387\/revisions"}],"predecessor-version":[{"id":1329,"href":"https:\/\/donoso.es\/index.php?rest_route=\/wp\/v2\/pages\/387\/revisions\/1329"}],"up":[{"embeddable":true,"href":"https:\/\/donoso.es\/index.php?rest_route=\/wp\/v2\/pages\/383"}],"wp:attachment":[{"href":"https:\/\/donoso.es\/index.php?rest_route=%2Fwp%2Fv2%2Fmedia&parent=387"}],"curies":[{"name":"wp","href":"https:\/\/api.w.org\/{rel}","templated":true}]}}