{"id":777,"date":"2011-11-02T23:59:41","date_gmt":"2011-11-02T21:59:41","guid":{"rendered":"http:\/\/www.donoso.es\/?page_id=777"},"modified":"2012-12-27T10:45:55","modified_gmt":"2012-12-27T08:45:55","slug":"no-por-mucho-repetir-algo-se-hace-verdad-el-liberalismo","status":"publish","type":"page","link":"https:\/\/donoso.es\/?page_id=777","title":{"rendered":"Verdades y mentiras sobre Espartero: El liberalismo versus los intereses catalanes"},"content":{"rendered":"<p style=\"text-align: justify;\">Si\u00a0deseo adentrarme en la historia y desvelar algo que no por ser repetido deja de ser mentira: Espartero no bombardeo Catalu\u00f1a por ser independentistas ni catalanistas, esas expresiones sencillamente son falsas. El bombardeo obedec\u00edo a otro tipo de pol\u00edtica, otros intereses, que como podremos ver m\u00e1s adelante, coinciden con el desarrollo industrial en Catalu\u00f1a, la p\u00e9rdida de la Am\u00e9rica espa\u00f1ola y las idelas de liberalismo y librecambismo que defend\u00eda Espartero.<\/p>\n<p style=\"text-align: justify;\">Durante sus dos a\u00f1os de regente, Espartero, ayudado por su camarilla y teniendo por mentor al embajador ingl\u00e9s lord Clarendon, reparte enchufes y congela las reformas que aguardaban los grupos progresistas y liberales. Esto generar\u00e1 sordo descontento, acrecentando cuando el gobierno declara que las juntas y los juntistas, creadas en toda la geograf\u00eda nacional y que han nombrado una junta central en Madrid, no hacen falta. Aceptan a rega\u00f1adientes los juntistas,pero los sectores m\u00e1s radicales del partido progresista, que dirige Ol\u00f3zaga, se apartan de \u00e9l. Ser\u00e1 el fermento del republicanismo, con levantamientos de este car\u00e1cter en Barcelona en 1842; los sublevados, organizados en batallones de milicias, crean una Junta como gobierno provisional, presidida por un antiguo militar. Personaje clave en la revuelta ser\u00e1 Abd\u00f3n Terradas ,socialista ut\u00f3pico que habia sido nombrado alcalde de Figueras y que no hab\u00eda aceptado jurar ante la reina. El mal de fondo de la revuelta reside en la implantaci\u00f3n de aranceles a productos de primera necesidad, algo que el pueblo odiaba porque encarec\u00eda los alimentos. Con permiso de las Cortes, Espartero viaja a Barcelona y desde el castillo de Monjuich bombardea a la poblaci\u00f3n civil. Ahogada en sangre la sublevaci\u00f3n y pasados por las armas sus cabecillas, se impone al pueblo una contribuci\u00f3n extraordinaria de doce millones de reales.<\/p>\n<p style=\"text-align: justify;\">La pol\u00edtica de Espartero no s\u00f3lo suscitaba antipat\u00eda de los radicales,sino de la propia burgues\u00eda. El librecambismo,de inspiraci\u00f3n inglesa, chocaba con los deseos proteccionistas de los fabricantes catalanes que ve\u00edan peligrar sus productos por la competencia extranjera. Incapaz de comprender esto,Espartero,utilizando una vieja y socorrida \u00f3ptica, reduce los problemas nacionales a problemas de \u00f3rden p\u00fablico; cuando en verdad eran motivos econ\u00f3micos los que subyac\u00edan.<\/p>\n<p style=\"text-align: justify;\">Los elementos m\u00e1s conservadores de la sociedad nunca cesaron de conspirar contra Espartero, tomando como punto de apoyo a la reina Mar\u00eda Cristina, desterrada en Par\u00eds junto a su marido morgan\u00e1tico Mu\u00f1oz, quieres contaban con la simpat\u00eda de los gobiernos de Luis Felipe, celosos de la influencia inglesa en Espa\u00f1a.<\/p>\n<p style=\"text-align: justify;\">El grupo de problemas para Espartero estaba ligado al desenvolvimiento econ\u00f3mico del principado catal\u00e1n. Por una parte, Espa\u00f1a se encontraba en los indicios -casi en el mero esbozo- de la revoluci\u00f3n industrial. De los dos campos cl\u00e1sicos de este desenvolvimiento en el modelo brit\u00e1nico (la metalurgia y el textil) s\u00f3lo el segundo hab\u00eda experimentado un desarrollo neto, en Catalu\u00f1a ,durante la segunda mitad del siglo XVIII. Ahora bien,este emporio de riqueza textil descansaba sobre la amplitud del mercado espa\u00f1ol coet\u00e1neo: toda la Am\u00e9rica espa\u00f1ola. La Emancipaci\u00f3n hizo por eso que el mercado interior,peninsular,pasara a convertirse en la \u00faltima posibilidad de subsistencia de aquel n\u00facleo industrial. Y precisamente contra \u00e9l podia apuntar el cambio pol\u00edtico si se llevaban a la pr\u00e1ctica los planteamientos econ\u00f3micos del liberalismo estricto: el librecambismo. Si el liberalismo llegaba en ello a sus \u00faltimas consecuencias,la industria textil catalana prodr\u00eda competir dif\u00edcilmente con la brit\u00e1nica en el propio mercado espa\u00f1ol.<\/p>\n<p style=\"text-align: justify;\">En esta defensa se api\u00f1aban todos los productores:los empresarios y los obreros, que ve\u00edan el espectro del paro detr\u00e1s de la disminuci\u00f3n de los aranceles. Pero \u00e9stos, adem\u00e1s, ten\u00edan otros motivos que los separaban y enfrentaban a los patronos; motivos laborales que desde 1839, en virtud de una real orden de Mar\u00eda Cristina, pod\u00edan encontrar su cauce de expresi\u00f3n en las sociedades de socorros mutuos que esa normativa permit\u00eda establecer.<\/p>\n<p style=\"text-align: justify;\">Espartero, en otras palabras, ten\u00eda que sacar tambi\u00e9n adelante la liberalizaci\u00f3n del pa\u00eds junto a o por encima de los intereses de las clases productoras catalanas.<\/p>\n<p style=\"text-align: justify;\">La primera cuesti\u00f3n yac\u00eda en la desmovilizaci\u00f3n y el tradicionalismo de los espa\u00f1oles. Las instituciones liberales estaban ya. Hab\u00edan sido establecidas entre 1834 y 1840 por los Gobiernos y las Cortes de Mar\u00eda Cristina. La guerra hab\u00eda hecho imposible, no obstante, que la liberalizaci\u00f3n se completara,haciendo realidad el car\u00e1cter representativo de estas instituciones.<\/p>\n<p style=\"text-align: justify;\">Por otra parte, la tradici\u00f3n liberal anglosajona ten\u00eda creados ya los instrumentos para hacerlo: los partidos pol\u00edticos. As\u00ed que lo primero que hubo que organizar en Espa\u00f1a fue esa forma de participaci\u00f3n.<\/p>\n<p style=\"text-align: justify;\">En resumen, el levantamiento de Catalu\u00f1a y el bombardeo de Espartero no tuvo como origen la independencia Catalana, sino el enfrentamiento contra la pol\u00edtica liberal y de librecambismo econ\u00f3mico que chocaba frontalmente con el desarrollo industrial en Catalu\u00f1a basado en la venta a toda Espa\u00f1a\u00a0y a hispanoam\u00e9rica de los productos manufacturados, presi\u00f3n que se ver\u00e1 incrementada por la independencia de Am\u00e9rica lo que dejaba a Espa\u00f1a\u00a0como \u00fanico mercado donde vender los productos hechos en Catalu\u00f1a. Espartero no solo por creencia, ya que era un liberal convencido, sino por la necesidad del desarrollo de una Espa\u00f1a que ni siquiera hab\u00eda empezado la \u00e9poca industrial excepto en Catalu\u00f1a, decide bajar los aranceles y permitir la entrada de productos, la mayor\u00eda textiles, de cara a satisfacer las necesidades de los espa\u00f1oles y espa\u00f1olas de la \u00e9poca; favoreciendo la competencia y permitiendo una bajada de precios. Sin embargo esto provoc\u00f3 el levantamiento de Catalu\u00f1a deseando mantener sus prevendas en cuanto al mantenimiento de un mercado cautivo y cerrado al exterior con unos aranceles muy elevados; errando tanto Espartero al reducir el problema a un problema de orden p\u00fablico y la burgues\u00eda catalana quien no supo ver en el liberalismo la oportunidad que representaba la venta de sus productos en todo el mundo, en lugar de pretender mantener el monopolio en Espa\u00f1a.<\/p>\n","protected":false},"excerpt":{"rendered":"<p>Si\u00a0deseo adentrarme en la historia y desvelar algo que no por ser repetido deja de ser mentira: Espartero no bombardeo Catalu\u00f1a por ser independentistas ni catalanistas, esas expresiones sencillamente son falsas. El bombardeo obedec\u00edo a otro tipo de pol\u00edtica, otros intereses, que como podremos ver m\u00e1s adelante, coinciden con el desarrollo industrial en Catalu\u00f1a, la [&hellip;]<\/p>\n","protected":false},"author":1,"featured_media":0,"parent":650,"menu_order":0,"comment_status":"open","ping_status":"open","template":"","meta":{"footnotes":""},"class_list":["post-777","page","type-page","status-publish","hentry"],"_links":{"self":[{"href":"https:\/\/donoso.es\/index.php?rest_route=\/wp\/v2\/pages\/777","targetHints":{"allow":["GET"]}}],"collection":[{"href":"https:\/\/donoso.es\/index.php?rest_route=\/wp\/v2\/pages"}],"about":[{"href":"https:\/\/donoso.es\/index.php?rest_route=\/wp\/v2\/types\/page"}],"author":[{"embeddable":true,"href":"https:\/\/donoso.es\/index.php?rest_route=\/wp\/v2\/users\/1"}],"replies":[{"embeddable":true,"href":"https:\/\/donoso.es\/index.php?rest_route=%2Fwp%2Fv2%2Fcomments&post=777"}],"version-history":[{"count":8,"href":"https:\/\/donoso.es\/index.php?rest_route=\/wp\/v2\/pages\/777\/revisions"}],"predecessor-version":[{"id":1291,"href":"https:\/\/donoso.es\/index.php?rest_route=\/wp\/v2\/pages\/777\/revisions\/1291"}],"up":[{"embeddable":true,"href":"https:\/\/donoso.es\/index.php?rest_route=\/wp\/v2\/pages\/650"}],"wp:attachment":[{"href":"https:\/\/donoso.es\/index.php?rest_route=%2Fwp%2Fv2%2Fmedia&parent=777"}],"curies":[{"name":"wp","href":"https:\/\/api.w.org\/{rel}","templated":true}]}}