{"id":860,"date":"2011-12-03T14:54:19","date_gmt":"2011-12-03T12:54:19","guid":{"rendered":"http:\/\/www.donoso.es\/?page_id=860"},"modified":"2011-12-03T14:56:21","modified_gmt":"2011-12-03T12:56:21","slug":"formacion","status":"publish","type":"page","link":"https:\/\/donoso.es\/?page_id=860","title":{"rendered":"Formaci\u00f3n"},"content":{"rendered":"<p style=\"text-align: justify;\">Recuerdo que cuando era un ni\u00f1o me preguntaban aquello de \u00bfqu\u00e9 quieres ser de mayor?. Una pregunta que nunca ten\u00eda una clara respuesta, pues quer\u00eda ser de todo, mec\u00e1nico, arquitecto, ingeniero de telecomunicaciones, m\u00e9dico, economista&#8230; El caso es que este dilema me sigui\u00f3 a lo largo de la vida. Y as\u00ed llegado al bachiller \u00bfqu\u00e9 escoger? \u00bfCiencias o Letras? Todo me sonaba a aquella pregunta de \u00bfa qui\u00e9n quieres m\u00e1s a pap\u00e1 o a mam\u00e1?<\/p>\n<p style=\"text-align: justify;\">Me encanta la econom\u00eda, los n\u00fameros y las letras. Para qu\u00e9 prescindir de alguna de esas partes. Si es cierto soy economista pero tambi\u00e9n me gusta escribir, y as\u00ed mi segundo libro es un libro de historia (nada que ver con la econom\u00eda) sobre mi pueblo, Gran\u00e1tula de Calatrava, al que puse de nombre \u00abEn un maar de cultruas\u00bb.<\/p>\n<p style=\"text-align: justify;\">Seguramente qui\u00e9n est\u00e9 leyendo estar\u00e1 pensando, &#8216;\u00bbvaya rollo que est\u00e1 soltando, pero si estamos en el apartado de Formaci\u00f3n\u00bb. Sencillamente fruto de esa dualidad, me encanta tambi\u00e9n poder compartir el conocimiento e impartir formaci\u00f3n.<\/p>\n<p style=\"text-align: justify;\">[summarize]<\/p>\n","protected":false},"excerpt":{"rendered":"<p>Recuerdo que cuando era un ni\u00f1o me preguntaban aquello de \u00bfqu\u00e9 quieres ser de mayor?. Una pregunta que nunca ten\u00eda una clara respuesta, pues quer\u00eda ser de todo, mec\u00e1nico, arquitecto, ingeniero de telecomunicaciones, m\u00e9dico, economista&#8230; El caso es que este dilema me sigui\u00f3 a lo largo de la vida. Y as\u00ed llegado al bachiller \u00bfqu\u00e9 [&hellip;]<\/p>\n","protected":false},"author":1,"featured_media":0,"parent":0,"menu_order":5,"comment_status":"open","ping_status":"open","template":"","meta":{"footnotes":""},"class_list":["post-860","page","type-page","status-publish","hentry"],"_links":{"self":[{"href":"https:\/\/donoso.es\/index.php?rest_route=\/wp\/v2\/pages\/860","targetHints":{"allow":["GET"]}}],"collection":[{"href":"https:\/\/donoso.es\/index.php?rest_route=\/wp\/v2\/pages"}],"about":[{"href":"https:\/\/donoso.es\/index.php?rest_route=\/wp\/v2\/types\/page"}],"author":[{"embeddable":true,"href":"https:\/\/donoso.es\/index.php?rest_route=\/wp\/v2\/users\/1"}],"replies":[{"embeddable":true,"href":"https:\/\/donoso.es\/index.php?rest_route=%2Fwp%2Fv2%2Fcomments&post=860"}],"version-history":[{"count":5,"href":"https:\/\/donoso.es\/index.php?rest_route=\/wp\/v2\/pages\/860\/revisions"}],"predecessor-version":[{"id":864,"href":"https:\/\/donoso.es\/index.php?rest_route=\/wp\/v2\/pages\/860\/revisions\/864"}],"wp:attachment":[{"href":"https:\/\/donoso.es\/index.php?rest_route=%2Fwp%2Fv2%2Fmedia&parent=860"}],"curies":[{"name":"wp","href":"https:\/\/api.w.org\/{rel}","templated":true}]}}